 93*g - 5 - 38*g - 28*g. Determine j(7).
14
Let u(k) = 2*k**2 - 9*k + 3. Let n = 1358 - 1354. What is u(n)?
-1
Let v(r) = -3 + 112*r**3 - 3*r - 221*r**3 + 112*r**3. What is v(-2)?
-21
Let j(z) = 3*z**2 - 3*z. Let h be (-16)/24 - 40/(-15). What is j(h)?
6
Suppose 7*o - 4*o + 18 = 0. Let h(b) = -20*b + b**2 + 51*b - 26*b - 5. Calculate h(o).
1
Let d = -161 + 127. Let q = d - -38. Let k(a) = -2*a - a - 3 + 4*a. What is k(q)?
1
Let u(l) = l**2 + l + 1. Let g(b) = 2*b**2 - 7*b. Let t be g(3). Let c(m) = m**3 + 8*m**2 + 3*m + 1. Let p(q) = t*u(q) + c(q). What is p(-5)?
-2
Let x be (-1 + 3)/(2/28). Suppose -8*w + 12*w = x. Let i(c) = c**3 - 7*c**2 - 2*c + 10. Determine i(w).
-4
Let a = 52 + -50. Let d(x) = 4 - x**3 - 9*x + 3*x - x**2 - 6*x**a + 2. Calculate d(-6).
6
Let c(w) = 4*w - 476 + 479 - 5*w**2 + 6*w**2. Calculate c(-1).
0
Let d(j) = j - 3 + 3 - 2. Let f = -31 - -34. Suppose y = 3*k - f*y + 10, 3*y = 2*k + 6. Determine d(k).
-8
Let g(v) be the third derivative of v**4/12 + 2*v**3/3 + 2*v**2. Suppose -40 = -f + 2. Suppose -6*o - o = -f. Determine g(o).
16
Let s(g) = 19*g + 4. Let j(y) = -44*y - 7. Let v(k) = 6*j(k) + 14*s(k). What is v(-9)?
-4
Let q(b) be the third derivative of b**4/24 - 13*b**3/6 + 89*b**2 - b. What is q(14)?
1
Suppose 20*x = 31*x. Let v(y) = y + 34. Give v(x).
34
Let p(o) = o**3 + 4*o**2 - 2*o - 7. Suppose -7 = -i + 3*a, -4*i + a = 12 - 7. What is p(i)?
5
Let a = 26 - 10. Suppose -9*l + 5*l = -a. Let m(b) = -1 - 5*b + 0 + l*b. Determine m(1).
-2
Let z(h) = h + 3 + 3*h + h + 0*h. Suppose 0 = 10*y + 8 - 28. Suppose 5*m = 6*m + y. What is z(m)?
-7
Let j(i) = i**2 + i - 1. Let o(u) = u**3 + 2*u**2 - 2*u - 1. Let p(w) = -4*j(w) - o(w). Let d(s) = -2*s + 6. Let f be d(5). Determine p(f).
-19
Suppose 11*h - 6*h - 5 = 0. Let q(s) = -2*s**2 + 3465*s + 0*s**2 - 3464*s + h. Calculate q(-1).
-2
Suppose -u - 7 = 3*a - 4*a, 5*a + u = 11. Let n(h) = 4*h**2 - 3*h + 1. Let k(v) = 0*v**2 + 3*v - 7*v**2 + 2*v**2. Let d(m) = 3*k(m) + 4*n(m). Determine d(a).
4
Let j(f) = f - 8. Let a(m) = -m**2 - 14*m - 6. Let b = 14 + -27. Let l be a(b). What is j(l)?
-1
Let r be (1 - 10)*(-30)/18. Suppose 0 = 3*v - 3 - 9, q + 3*v - r = 0. Let p be (q - 15/6)*-2. Let n(t) = 12*t**2 + 1. What is n(p)?
13
Let j(t) = t**2 - 7*t**2 - t**2 + t**3 + 7*t + 5. Let o(y) = 2*y**2 + 54*y + 58. Let z be o(-26). Give j(z).
11
Let y(s) = -s - 3. Let x(a) = 2*a + 6. Let t = -1 - -3. Suppose 3*z = t*z - 11. Let f(h) = z*y(h) - 6*x(h). Determine f(-6).
3
Let q(h) = h**2 - 17*h - 5. Let k be (-6 - 3)*15/(-9). Calculate q(k).
-35
Let s(o) = 3. Let w(k) = -k + 7. Let t(y) = 5*s(y) - 2*w(y). What is t(1)?
3
Let x(v) = v**3 - 2*v**2 - 2*v + 3. Suppose -3*k + y + 4 = 0, -k - 2 - 20 = -5*y. Give x(k).
6
Suppose -4*o + 2*j - 10 = -j, 3*o + 9 = 3*j. Let i(l) = -2 + 2 - 12*l. Give i(o).
12
Let c(v) = -2*v**3 + 2*v**2 - 9*v**2 + 6 + v**3 + 14*v**2. Give c(7).
6
Let a(c) be the first derivative of 3*c**2/2 + c + 1. Let v(b) = -4*b**2 - b**2 - 9*b - 3*b**2 - 15 - b**3. Let m be v(-7). Determine a(m).
-2
Let s(g) = g**3 + 1. Let f(p) = 5*p**3 + 3*p**2 + 6*p + 9. Let q(r) = -f(r) + 6*s(r). Calculate q(5).
17
Let s be (2/3)/((-1)/(-9)). Let q = 163 + -161. Let d(o) = -4*o**2 + 1 + s*o + o**3 + q*o - 7*o. Give d(4).
5
Let q(y) be the second derivative of -y**5/20 + y**4/3 + y**3/6 - 3*y**2/2 + 213*y. Suppose -4 + 19 = 5*w. Determine q(w).
9
Let g(l) = -14*l + 1 + 7*l + 1 + 14*l. Let i(c) = c - 14. Let d be i(11). Determine g(d).
-19
Let c(n) = -n - 9. Let r be c(6). Let f be 3/r - 1/(-5). Suppose f = -2*t + 4*v - 14, t = 3*t - 2*v + 10. Let z(l) = -l**3 - 4*l**2 - 5*l - 4. What is z(t)?
2
Let v(u) be the first derivative of u**3/3 - u**2/2 - 4*u - 4. Let g(c) = c**2 - c - 4. Let m be g(-3). Suppose 6*y = m*y. What is v(y)?
-4
Let r(a) be the second derivative of -a**4/6 + 2*a**3/3 - a**2/2 + 7*a. Suppose 27 = 5*j + 4*t, 4*j - 3*t = j. What is r(j)?
-7
Let u(m) be the second derivative of -m**4/12 - 5*m**3/6 - m**2/2 + 8*m. Let s be u(-4). Let i(z) = z**2 - z**s - 5*z**2 - z**2 + 4 - z**2 - 4*z. What is i(-5)?
-1
Let t(z) = 54*z + 17. Let p(h) = 13*h. Let c(s) = 4*p(s) - t(s). Determine c(-5).
-7
Let w = 5 - 1. Let m = -5 - 4. Let q(f) = 3*f**3 + 3*f**2 + 9*f + 1. Let k(b) = 7*b**3 + 6*b**2 + 19*b + 2. Let v(z) = m*q(z) + 4*k(z). What is v(w)?
-5
Suppose -87*n = 324 + 198. Let j(p) = -4*p**2 - 5 + 3*p + 3*p**2 - 9*p. Determine j(n).
-5
Let g be (1/(-1))/((-3)/(-12)). Let h(s) = -2293*s - 2285*s - 2 + 5 + 4585*s. What is h(g)?
-25
Let n = 11 + -10. Let y(m) = -1. Let s(t) = -t - 1. Let d(v) = n*y(v) + s(v). Suppose j - 1 = -4*f, 0*j + 5*f = -4*j + 15. Give d(j).
-7
Let n(s) = 7*s**2 + 10*s - 4. Let q(v) = 6*v**2 + 7*v - 4. Let m(u) = 2*n(u) - 3*q(u). Calculate m(3).
-35
Suppose 5*t - f = -29, -f + 21 = -4*t + 2*f. Let w be 20/(-15)*t/(-4). Let y(k) = k**2 + k - 1. Calculate y(w).
1
Let d(z) be the first derivative of -z**3/3 - 2*z**2 + 5*z - 9. Let c(f) = -8*f + 9. Let m be c(2). Determine d(m).
-16
Let t(r) = r**3 - 3*r**2 + 3*r - 1. Let j(m) = -m**3 + 7*m**2 - 7*m + 3. Let x(q) = 2*j(q) + 5*t(q). What is x(-1)?
-4
Let w(o) = o**3 - 2*o**2 - 2*o - 1. Let y = 5 + -2. What is w(y)?
2
Let z be (-2)/(-7) + (-390)/42. Let w(t) = -12 + 7*t**2 - 9*t - 4*t**2 - t**2 - 3*t**2 + 0*t. Give w(z).
-12
Suppose 4*y = 2*y - 2. Let n(u) = -14*u**2 + 3*u - 1. Let v(r) = 27*r**2 - 5*r + 2. Let p(x) = 7*n(x) + 4*v(x). Give p(y).
10
Let g(o) = -o**3 + 8*o**2 + 10*o + 13. Let q = -201 - -210. Give g(q).
22
Let n(o) be the second derivative of -o**4/12 - 5*o**3/3 + 13*o**2/2 + 31*o. Give n(-10).
13
Let b(d) be the third derivative of d**6/20 - d**5/30 + d**4/6 - d**3/3 + 109*d**2. Calculate b(2).
46
Let c(g) = -43 - 24*g + 22*g + 9*g. What is c(7)?
6
Let g be ((-18)/(-3) - 1) + -14. Let i(u) = -u**3 - 8*u**2 + 10*u - 1. Calculate i(g).
-10
Suppose 4*x - 20 = 0, -3*w + 13 = 5*x - 21. Suppose w*q - 14 = 4. Let t(a) = 2*a + 8. What is t(q)?
20
Let g(u) = 2 + 1 + 2 + 2 - 2 + u. Suppose -5 = 2*x - 3*x + 5*y, 0 = 2*x + 2*y + 14. Calculate g(x).
0
Let z(f) be the second derivative of -f**3/6 - 3*f**2 + 9*f - 16. Determine z(-8).
2
Let n(z) = z**3 + 11*z**2 + z + 8. Let y be n(-11). Let m be (y - -9)/(0 + 1). Let d(h) = h**3 - 5*h**2 - 8*h + 7. Calculate d(m).
-5
Let l be 1 - (2 + -1 + -2). Suppose -l*r + 4*r - 3*a = 4, r + 24 = -5*a. Let p(z) = z**3 + 4*z**2 + 2*z - 1. What is p(r)?
-9
Let i(t) = -t**2 - 4*t + 13. Let k(a) = -a**2 + a + 7. Let c(m) = i(m) - 2*k(m). What is c(6)?
-1
Suppose -2*h - 2*h = -8. Suppose -h*p + 5*p = -9. Let c be -1 + 3/p + -2. Let i(z) = -z**3 - 3*z**2 + 3*z - 5. Calculate i(c).
-1
Let z(x) be the second derivative of -x**3/6 - 3*x**2/2 + x. Let y be (27/(-18))/((-1 + 4)/(-72)). Suppose 0 = -22*i + 10*i - y. Calculate z(i).
0
Let z(j) be the second derivative of -3*j + 0 + 3*j**2 + j**3 + 1/12*j**4. Determine z(-6).
6
Let c(r) = -r**2 + 4*r + 3. Let b(i) = -3*i**2 + 12*i + 8. Let z(y) = -4*b(y) + 11*c(y). Suppose -4*w = -0*w - 12, w = 5*n + 663. Let o = -127 - n. Give z(o).
6
Let y = -36 + 37. Let b(m) = -3*m + 22*m**2 + m - 26*m**2 + y - m**3. Determine b(-3).
-2
Let v(m) = -2*m**2 - 4*m - 6. Let i = 2 + -7. Let q(j) = 3*j**2 + 7*j + 13. Let l(b) = i*v(b) - 3*q(b). Determine l(0).
-9
Let o(a) = -a. Let p(i) = i**2 - 5. Suppose 0 = -0*v - 5*v - 25. Let y(x) = v*o(x) + p(x). Calculate y(-6).
1
Let d(w) be the second derivative of -w**3 + 45*w**2/2 + 3*w + 59. Determine d(8).
-3
Let s(d) = -9*d**3 - 8*d**2 + 7*d - 17. Let q(l) = 5*l**3 + 4*l**2 - 4*l + 9. Let j(r) = 11*q(r) + 6*s(r). Let i be (35 - 11)/(-8) + 8. Determine j(i).
12
Let l(h) = 14*h**2 - 17*h + 10 - h**2 - 12*h**2. Give l(16).
-6
Let k(x) = -28 - x**3 + 9 - 426*x + 413*x - 4*x**2 - 8*x**2. Give k(-11).
3
Let o be 0*(-4)/(-40)*5. Let s be (o + 4/(-12))/((-3)/27). Let q(w) = 2*w - 2. Give q(s).
4
Let b(n) be the first derivative of -n**4/4 + 4*n**3/3 - 3*n**2/2 + 4*n - 17. Let y be (-16)/(-6) + (-1)/(-3). Calculate b(y).
4
Let k(a) = 4*a**2 - 2. Let n(s) = s**2. Suppose -3 = m - 2*m. Let t(i) = m*n(i) - k(i). Give t(3).
-7
Let p be ((2 - 10) + 232/24)*3. Let z(d) be the third derivative of d**6/120 - d**5/15 - 7*d**4/24 - d**3/3 + 3*d**2. Determine z(p).
-12
Let g(z) = z. Suppose 2*p = -22 + 58. Let u = -24 + p. Give g(u).
-6
Suppos